t k be b(0). What is c(k)?
-8
Let j(i) = 3*i + 1. Let o be j(3). Let z = -7 + o. Let v(g) = -2*g + 3. Give v(z).
-3
Let c(l) be the third derivative of l**5/60 + l**4/24 - l**3/6 + 8*l**2. Calculate c(-3).
5
Let a = -26 - -27. Suppose -2*y + 4 = -0. Let d(v) = 9*v - 2 - y + 3. Determine d(a).
8
Let g(t) = -t**3 - 8*t**2 + 2*t + 11. Let f be g(-8). Let w(s) = -4*s - s - 15*s**2 + 14*s**2 - 4 + 1. Determine w(f).
-3
Let t(y) = -2 + y + 0*y**2 + y**3 - 5*y**2 + y + 2*y**2. Suppose 2*b = -2*b + 12. Give t(b).
4
Let w(m) be the third derivative of -m**4/6 + 5*m**3/6 - 26*m**2. Calculate w(-5).
25
Let t(z) = -z**2 + 7*z**2 - 2*z**2 - 1. Calculate t(1).
3
Let t(w) = -w**2 + 10*w - 10. Let f(a) = a**2 + 6*a - 8. Let x be f(-8). Let d be t(x). Suppose -2*q + d*q = 12. Let r(u) = u**3 - 4*u**2 + 3*u + 4. Give r(q).
4
Let g be (-8)/28 + (-26)/7. Let p(w) = w**3 + 3*w**2 - 3*w + 5. Let r be p(g). Let b(o) = -o + 7*o**3 - r - o**2 + 0 - o. Give b(-1).
-7
Suppose 5*u - 3*q + 0*q - 19 = 0, -4*u + q + 18 = 0. Let i(v) = -v**3 + 5*v**2 - 4. Determine i(u).
-4
Let i = -24 - -24. Let v(z) = z**2 - z - 14. What is v(i)?
-14
Let l(o) be the first derivative of 4 + 3/2*o**2 - 1/3*o**3 + o. Give l(-2).
-9
Let a(o) = 4*o. Let s be 2/(-1*2/(-5)). Suppose -3*r = r - 16. Let u = s - r. Determine a(u).
4
Let o(u) be the second derivative of -u**3/6 - u**2/2 - 2*u. Let r be o(0). Let n be -1 + r - (0 - -1). Let p(d) = d. Calculate p(n).
-3
Let q(k) = -k**3 - 5*k**2 - 5. Suppose 2*c + 10 = 0, -10 = m - 4*m + 5*c. Calculate q(m).
-5
Let j = 8 - 8. Let t be ((-8)/(-5))/(1/5). Let k(b) = 3 + 2*b**2 + b - 3*b**2 - t. Determine k(j).
-5
Let v(j) = -j - 4. Suppose 9 - 4 = d. Give v(d).
-9
Suppose 16 + 2 = -3*f. Let l(v) = v**2 + 7*v - 1. Determine l(f).
-7
Let x(j) = 2*j**2 + 5*j - 2. Let s = 35 - 39. Calculate x(s).
10
Let u(j) be the third derivative of j**5/30 - 2*j**2. Let k be u(-1). Let q(l) = 3*l + k - l**2 - 3 + 2*l. Determine q(5).
-1
Suppose 4*i + 16 = -z, -5*z + i - 3 = -7. Let k(p) = p**3 - p**2 - p - 4. Determine k(z).
-4
Let f(c) = -c + 6. Suppose -25 = h - 6*h. Let y be f(h). Let i(z) be the first derivative of z**2 - 14. Give i(y).
2
Let f(g) = -g**2 - 6*g + 27. Let r be f(-9). Let p(z) = z**2. Let y be p(0). Suppose j + r + 1 = y. Let q(a) = 9*a - 1. What is q(j)?
-10
Suppose 0 = 3*s - 15, -s + 5 + 0 = 2*k. Let r(o) = o**3 - o**2 + 10. Determine r(k).
10
Let y(t) = 8*t + 4. Let w be -9 - -10 - 2*1. Let g(x) = x + 1. Let h(z) = w*y(z) + 3*g(z). What is h(-2)?
9
Let v(u) = 7*u + 5. Let n(y) = 20*y + 14. Let p(w) = -5*n(w) + 14*v(w). Let m be p(-2). Let c(z) = -z**2 + 6*z - 5. What is c(m)?
3
Let t = -6 - -9. Let c(l) = -17*l + 9. Let b(r) = -4*r + 2. Let d(x) = 9*b(x) - 2*c(x). Give d(t).
-6
Let u(x) = 2 + 6*x - 3 + 3 - 3. Determine u(-2).
-13
Suppose 4*o + 17 - 1 = 0. Let a(w) = w**3 + 3*w**2 - 5*w - 2. Give a(o).
2
Let s(z) = 2*z**2 + 3*z - 4. Let r be (0/(-3*1))/(-2). Suppose -4*x - 12 = -r*x + 4*g, 0 = 2*x - 2*g + 6. Give s(x).
5
Suppose -132 + 36 = -4*q - 5*m, 3*m = 2*q - 26. Let k = 13 - q. Let u(h) = -h - 5. What is u(k)?
1
Suppose -5*x = 3*d, -x = -0*x - 4*d. Suppose f - 3*f - 60 = x. Let u be ((-3)/2)/(9/f). Let j(t) = -t**2 + 4*t - 2. Give j(u).
-7
Let p(g) = g**3 + 4*g**2 - 6*g - 1. Suppose i - 4*k + 3 + 2 = 0, 0 = k. Let j be p(i). Let f(n) = n**2 - 2*n - 4. What is f(j)?
4
Suppose -4*r - 7 = -19. Let i(a) = -a**2 + 3*a + 2. Give i(r).
2
Let z(c) = 2*c**3 + 2*c**2 - c - 1. Let d(k) = -k**2 - 10*k - 10. Let t be d(-9). Let s = -3 - t. Calculate z(s).
-7
Suppose 0 = -2*b - t, t + 2*t = b. Let w(j) = j - 10. Calculate w(b).
-10
Let h = -58 + 61. Let r(f) = -6 + 4 - 2 + 4*f. What is r(h)?
8
Let b(u) be the first derivative of u**5/120 - u**3/3 + 3. Let q(w) be the third derivative of b(w). Let d be q(2). Let n(o) = o**2 + 2*o. Give n(d).
8
Let t(j) = 6*j**2. Suppose 3*c + 4 = -5. Let b be 1*3/3 - c. Suppose -2*f + 12 = 5*g, 2*f = 3*f - b*g + 7. Determine t(f).
6
Let d be 1 + (2/1)/(-2). Let r = d + 3. Let f(n) = -2*n**2 + 3*n + 3. Calculate f(r).
-6
Let l(b) be the second derivative of 3/2*b**2 + 11*b - b**3 - 5/12*b**4 + 1/20*b**5 + 0. What is l(6)?
3
Let h = 117 - 116. Let x(b) = 5*b**2 + b - 1. What is x(h)?
5
Let f(d) = -7*d - 9. Suppose 3*b = -5 + 23. Let z(m) = m + 1. Let k(g) = b*z(g) + f(g). Let l = 3 - 6. Give k(l).
0
Let f(r) = r**2 - 8*r - 9. Let d = 18 + -10. What is f(d)?
-9
Let r(c) be the third derivative of 0*c + 1/60*c**5 + 1/24*c**4 + 0 + 3*c**2 - 7/6*c**3. Determine r(0).
-7
Suppose 0*f - 2 = -5*f - 4*i, -12 = -4*f + 2*i. Let g(v) = 11 + v + 3*v**f - 4*v + v**3 - 9. Calculate g(-4).
-2
Let p(g) = -2*g - 5. Suppose 2*j - 3*d = -2, -j + 8 = 3*d - 0. Let f = 45 + -29. Suppose -z = -j*m - 3*z - f, 0 = -m + 2*z + 4. Give p(m).
3
Let f(s) = 3*s - 2*s**3 + 3*s**3 - 2*s + 2 - 4. Determine f(0).
-2
Let d be (-4)/(-6) + 30/9. Suppose 5*b + 4*k + 2 = d*b, -2*b - 5*k - 1 = 0. Let v(w) = 0*w**2 + 0 + 1 + 4*w - w**b. Give v(4).
1
Let n be 0 + 3 + -4 + 3. Let a(v) = v - 2. Calculate a(n).
0
Let r(y) be the first derivative of y**7/840 - y**6/72 + y**5/60 - y**4/24 + 4*y**3/3 - 1. Let h(k) be the third derivative of r(k). Give h(2).
-9
Let q(n) be the first derivative of 1/2*n**2 - n + 1/3*n**3 - 1. Let v = -11 - -8. Calculate q(v).
5
Let x(j) = j + 1. Let c(m) = -m**2 + 5*m + 8. Let g be c(6). Let a = 8 - g. Calculate x(a).
7
Let b = 121 + -127. Let y(q) = q**3 + 7*q**2 + 5*q. Give y(b).
6
Let n = 13 - 12. Let p(i) be the second derivative of i**5/5 - i**4/12 + i**3/3 - i**2/2 - i. What is p(n)?
4
Let s(n) be the first derivative of n**2/2 + n - 15. What is s(4)?
5
Let p(q) = -14*q**2 + 15*q + 11. Let n(b) = -5*b**2 + 5*b + 4. Let o(c) = 17*n(c) - 6*p(c). Suppose -3*m - 4*w - 4 = 0, 4*w + 0*w = -m + 4. What is o(m)?
6
Suppose 4*o + r = -10 - 10, 0 = -4*o + 5*r - 44. Let p(d) be the second derivative of -d**3/6 - d**2/2 - 3*d. What is p(o)?
5
Let h(m) = -5*m**2 - m**3 - m**2 + 0*m**3 + 6 - m**2. Suppose 3*d + 10 + 11 = 0. Determine h(d).
6
Suppose -g - 5*g + 24 = 0. Let s(c) = -c**3 + 5*c**2 - 4*c - 5. Give s(g).
-5
Let g(n) = -2 + 2 - n. Let s = -531 - -535. Determine g(s).
-4
Let z(u) = -u**3 - 4*u**2 - u - 5. Let w(t) = -t**2 - 1. Let m(o) = -o**2 + 5*o - 6. Let l be m(4). Let i = 1 - 2. Let q(n) = i*z(n) + l*w(n). Calculate q(-6).
1
Let k(c) = -9*c - 25. Let v(y) = 5*y + 13. Let b(h) = -6*k(h) - 11*v(h). Calculate b(8).
-1
Let k(x) = 5 + 2*x - 30*x**2 + 26*x**2 + 1 - 5. Calculate k(2).
-11
Let o(x) = -x**3 + 4*x**2 + 6*x - 7. Let m be o(5). Let g be m + -1 + (-2 - -2). Let z(w) = -w**3 - 4*w**2 - 3. Calculate z(g).
-12
Suppose 5*u - 20 - 70 = 0. Let w be (-11)/9 - (-4)/u. Let l(h) = -2*h - 1. Give l(w).
1
Let v(t) = t + 1. Let s(b) = 1. Let i(w) = 2*s(w) + v(w). Determine i(-2).
1
Let i(w) = w**2 + 8*w + 3. Suppose -l + 2*c = 17, 2*l + 4 = -2*c - 0. Give i(l).
-4
Let v(w) = 2*w**3 + 7*w**2 - 8*w**2 - 2 - w**3. Suppose 3*z = 2*s - 15, 5*s - 25 = 3*z + 2*z. Determine v(s).
-2
Let v(u) be the first derivative of -u**7/840 + u**6/60 - u**5/20 + 7*u**4/24 - u**3 + 1. Let m(t) be the third derivative of v(t). Determine m(5).
2
Let f(a) = -a - 1. Let i be f(-3). Let k be (1 - 2)/(i/(-8)). Let g(l) = l**3 - 6*l - 2*l**3 - 3*l**2 + 2*l**3 + 5. Give g(k).
-3
Let p(j) be the third derivative of -4*j**2 + 1/20*j**5 + 0 + 0*j - 1/6*j**4 - 1/6*j**3. What is p(3)?
14
Let i(u) = -u**3 - 5*u**2 + 6*u + 9. Suppose -2*y - 2*y = -5*w - 31, -5*w = -y + 34. Let a = -13 - w. Give i(a).
9
Let y(v) = -2*v + 0 + 4 - 1 + 4*v. Determine y(-3).
-3
Suppose 2*c = -4*z + z + 13, -4*z - 21 = -5*c. Let d(h) = -h**2 + 2*h - 1. Calculate d(z).
0
Let r(o) = 2*o + 2. Let k = 8 + -5. Suppose j = k*j. Suppose 2*x + x - 9 = j. What is r(x)?
8
Let p(l) = l - 4. Suppose 0 = -2*d + 5*y - y - 8, 0 = 5*d + 5*y - 10. Give p(d).
-4
Suppose -66 = -0*r - 3*r. Suppose f + f - r = 3*j, -3*f - j = -11. Let a(k) = -k**2 + 4*k + 1. Determine a(f).
-4
Let z(t) be the third derivative of -t**5/20 + t**4/24 - t**3/3 - 3*t**2. What is z(2)?
-12
Let z(x) = -x**3 - x**2 + 1. Let u(i) = 7*i**3 + 13*i**2 - 3*i - 5. Let o(m) = -u(m) - 6*z(m). Calculate o(-7).
-22
Suppose 4*h + 20 = -c, 4*h - 4 = 4*c - 24. Let j = c - 2. Let g(l) = -l**2 - 1. What is g(j)?
-5
Let p(f) be the third derivative of -f**4/12 + f*